the prime factors of l(x)?
61
Let n = -15200 - -50962. What are the prime factors of n?
2, 17881
Suppose -68*n - 484221 + 687568 = -639309. What are the prime factors of n?
2, 1549
Let b(n) = -17*n + 11821. What are the prime factors of b(0)?
11821
Let m(o) = -729*o + 1136. What are the prime factors of m(-48)?
2, 1129
Suppose -42*a + 3744741 = -25*a + 74*a. What are the prime factors of a?
3, 11, 29, 43
Let x(t) = -23*t**2 - 25*t + 55. Let k(l) = -23*l**2 - 26*l + 55. Let n(h) = 3*k(h) - 4*x(h). What are the prime factors of n(5)?
2, 3, 5, 7
Suppose -5*h = -2*w - 32, -11 = -2*h - 3*w - 2. Let l be h/21 + (-5)/(105/6). List the prime factors of 6 + (-3 - -107) - (l + 2).
2, 3
Let g(h) = -h**3 - 8*h**2 - 6*h. Let t be g(-7). Let a = t - -20. Suppose 273 = -10*u + a*u. What are the prime factors of u?
7, 13
Let v(d) = -d**3 - 8*d**2 + 13*d + 38. Let g be v(-9). Suppose a + g*c - 64 - 278 = 0, 0 = -5*a + 3*c + 1645. What are the prime factors of a?
2, 83
Let a = -44 + 46. What are the prime factors of (-1)/a*1*1172/(-2)?
293
Suppose -38*k + 3811 = -4929. Let l = 1 + k. What are the prime factors of l?
3, 7, 11
Let q(x) = -4*x**3 + 111*x + 6 - 9*x**2 - 1 + 5 - 118*x. What are the prime factors of q(-6)?
2, 37
List the prime factors of ((-82)/4)/((-37)/148).
2, 41
Let h(v) = -12*v**3 - 2*v + 17713. What are the prime factors of h(0)?
17713
Suppose 5*i = -4*n + 23020, 3*i + 4*n - n - 13809 = 0. Suppose i = -67*t + 76*t. What are the prime factors of t?
2
Suppose -14 = l - 15*l. What are the prime factors of (1 - (1 + l))*12978/(-21)?
2, 3, 103
List the prime factors of (64/10)/(280/298900).
2, 7, 61
Let p = 2801 + -2798. Suppose -3 = 4*k + 1. What are the prime factors of k/(p - 291/96)?
2
Let u be -1 + (-2439)/(-15) - (-36)/90. List the prime factors of -2 - 2544/(-10) - u/(-270).
11, 23
Suppose -31 - 35 = -6*x. Suppose x*j - 7*j + 132 = 0. Let o = j + 122. List the prime factors of o.
89
Suppose -22*a - 6*a + 30408 = 0. Let o = 2086 - a. List the prime factors of o.
2, 5
Suppose 0*h + 4*h - 32 = 0. Let s be (2/(-3))/(h/132). List the prime factors of 1*11/(s/(-54)).
2, 3
Let h = 36 - 34. Let y(o) = -2*o**2 + 2*o + 4. Let g be y(h). Suppose -9*u + 793 + 1277 = g. What are the prime factors of u?
2, 5, 23
Suppose -4*b - 1037 = 703. List the prime factors of (b/10 - 12)/((-3)/58).
29, 37
Let k = 6915 + -3699. What are the prime factors of k?
2, 3, 67
Let o be 2 + 63 + (-3 - 0/(-3)). Let k = o - 66. List the prime factors of -90*-3*k/(-24).
3, 5
Suppose -19*m = -16*m - 60. Suppose -d - m = -17. What are the prime factors of (-2)/d + (-3 - 2244/(-9))?
13, 19
Let n(k) be the third derivative of -k**6/120 + 4*k**5/15 - 19*k**4/24 - 5*k**3 - 31*k**2. Let p be n(16). List the prime factors of (2 - 1) + p*(-4)/8.
2, 3, 7
Let g(t) = -111 + 5*t - 2*t + 88. Let y be g(9). What are the prime factors of 105 + y + -2 + -3?
2, 13
Let p be (116/3)/(2 - 4/3). Suppose -p - 2 = -s. Let j = -33 + s. List the prime factors of j.
3
Let a = 140 - -125. Let d = -64 + a. Let s = d + -113. What are the prime factors of s?
2, 11
Suppose -1220 = 29*v + 32*v. Let a(g) = -102*g - 335. What are the prime factors of a(v)?
5, 11, 31
Suppose 106*w = 103*w + 282. Let l(p) = -33 - 46 + 51*p + w. List the prime factors of l(3).
2, 3, 7
Let k(m) = -10*m + 11. Suppose 2*t + 5*t = -56. Let s be k(t). What are the prime factors of s - (-4 + 5 + 0)?
2, 3, 5
Let d = 76 - 53. Let n = -11 + d. Suppose 264 = n*t - t. List the prime factors of t.
2, 3
Suppose -2*w + 6*w + 4 = 0, 4*c = -3*w - 443. Let m = c + 186. What are the prime factors of m?
2, 19
Suppose a + 2*a - q = -4, -2*a = q + 1. List the prime factors of (a/4 - (-92)/(-16))*-81.
2, 3
Suppose 45*u - 28 + 343 = 0. List the prime factors of (12908/u + 0)/(-1).
2, 461
Let r = 4725 - 3441. What are the prime factors of r?
2, 3, 107
Let a(u) = 3*u + 6. Suppose y = -2*c + 15, 20 = 3*y + 4*c - 15. Suppose y*b + 3 - 13 = 0. What are the prime factors of a(b)?
2, 3
Let j(f) = -430*f**3 - 2*f**2. Let o(z) = z**3 + 9*z**2 + 19*z - 6. Let u be o(-5). List the prime factors of j(u).
2, 107
Suppose 451*s + 5*n - 41695 = 448*s, -s + 13902 = -2*n. List the prime factors of s.
2, 5, 139
Suppose 26*d + 17110 = 84*d. What are the prime factors of d?
5, 59
Let p be 1088/2 - (-1)/(-2)*-6. Let u = -228 + p. What are the prime factors of u?
11, 29
Suppose 0 = 52*h - 140676 - 1046432. What are the prime factors of h?
37, 617
Let j be 0 + 4/(-22) + 175/55. Suppose -5*o + j*h - 41 = 8, -h + 3 = 0. What are the prime factors of 6/((-1)/o*1)?
2, 3
List the prime factors of (7 + 4 + -9)*(1 - -320)*20.
2, 3, 5, 107
Let y be (2 - 3/1)*(-24)/6. Suppose 0 = -5*g + 3*k + 1136, k - 17 = -y*g + 885. What are the prime factors of g?
2, 113
Suppose 0 = -4*a - 56*a + 431040. List the prime factors of a.
2, 449
Let d(c) = 2712*c**3 + 64*c**2 - 128*c + 13. What are the prime factors of d(2)?
17, 1277
Suppose -5*z = -53 - 1602. Let q = 580 - z. List the prime factors of q.
3, 83
Suppose 0 = 3*b + 2*o + o - 72, -2*b - o + 53 = 0. Let c = b - 111. Let q = -47 - c. List the prime factors of q.
5, 7
Suppose -2*p + 3*p + 22 = 0. Let i be 3 + (-37330)/p - 2/(-11). List the prime factors of (6/4)/(15/i).
2, 5, 17
Let m(w) = -4*w + 49. Let a be m(11). Suppose -a*z - 1238 = -2*o - 10*z, -12 = -3*z. What are the prime factors of o?
3, 7, 29
Let y(a) = 5*a**2 + 2*a - 10. Let i be y(2). Let m be 22/4 - 7/i. Let v(f) = 9*f**2 - 3*f - 15. List the prime factors of v(m).
3, 5, 13
Let w = -15 - -28. Let h(l) = l**2 - 17*l + 56. Let t be h(w). What are the prime factors of t/(-10) + (-2616)/(-15)?
2, 3, 29
Let c = 30 - 27. Suppose 2*s - r = 0, 0 = -c*s + r - 3*r. Let n(h) = -2*h + 67. What are the prime factors of n(s)?
67
Let g be (-7 - 1 - -9)*-6. What are the prime factors of (7038/(-12) - -2)/(3/g)?
7, 167
Let l(h) = 5*h**2 + 3*h + 7. Let f(w) = -2*w**2 - 16*w - 7. Let x be f(-7). Suppose 3*j + x + 14 = -4*p, -p = 3. What are the prime factors of l(j)?
43
Let j be (-15)/(-2) + 11/22. Let a(g) = -g**3 + g**2 + 2*g + 46. Let h be a(0). Let z = h + j. What are the prime factors of z?
2, 3
Suppose 97 = 2*k + 89. Suppose -5*a + 5452 = 4*d, -a - 2*d = k*a - 5456. What are the prime factors of a?
2, 3, 7, 13
Suppose -10*d + 170437 = 9*d - 31020. List the prime factors of d.
23, 461
Let v = 41 - 37. Suppose -v*r = 3*o - 6 + 2, -4*o - 3 = -3*r. What are the prime factors of ((-798)/(-12) - 7)*(r - -1)?
7, 17
Let p = -215 - -2894. What are the prime factors of p?
3, 19, 47
Let x = 310 - 713. Let g be (3 - x)*1/2*1. Suppose 55 = -4*d + g. What are the prime factors of d?
37
Let k(b) = b**2 - 22*b + 33. Let w(n) = -2*n**2 + 21*n - 32. Let x(f) = 3*k(f) + 2*w(f). What are the prime factors of x(-24)?
5, 7
Suppose -f = -5*q + 8843, 2*q + 31*f = 28*f + 3544. What are the prime factors of q?
29, 61
Let j(i) = 48*i**2 - 240*i + 759. What are the prime factors of j(3)?
3, 157
Suppose -1527*h - 77767 = -1546*h. What are the prime factors of h?
4093
Suppose -11180 = -c + 45*m - 49*m, 3*m = -2*c + 22380. List the prime factors of c.
2, 3, 311
Suppose -36*y = -3*y + 1452. Let i(d) = d**2 + 31*d - 40. List the prime factors of i(y).
2, 7, 19
Let w = -409 - -415. List the prime factors of w + (160 + 1)*4.
2, 5, 13
Suppose -4*a = 5*g - 4847, -a + 3*a = -5*g + 4841. Suppose -3*q = -4*p - 4384, -2*p - 3409 = -3*q + g. What are the prime factors of q?
2, 7, 13
Let h(s) = -2*s**2 - 45*s - 16. Let o(w) = -w**2 - 23*w - 8. Let b(d) = -3*h(d) + 7*o(d). Let j(q) = -8*q - 15. Let t be j(1). List the prime factors of b(t).
61
Let j = -4586 - -19187. What are the prime factors of j?
3, 31, 157
Suppose -o + 2*c + 30050 = 0, 359*o - 356*o = 2*c + 90174. What are the prime factors of o?
2, 15031
Suppose -33*r = -3*r - 150. Suppose -5*w = -j - 6284, -12*w + r*j = -11*w - 1252. What are the prime factors of w?
3, 419
Let b be 0/(-4 + 3 - 1). Suppose -2*x - 4*j = b, 3*j - 6*j = x. What are the prime factors of (114/4 + x)/((-21)/(-140))?
2, 5, 19
Let q = -52 - -52. Suppose q*s - 216 = -4*s. List the prime factors of 12/s - (-1 + (-97)/9).
2, 3
Let z = -19 + 21. Suppose 3*m - 2*a = 7*m + 866, -418 = z*m - 2*a. List the prime factors of 5*(m/(-10) - -5).
2, 3, 11
Let w(m) = 29*m**2 + 2*m + 4. Let q(v) = 2*v - 27. Let i be q(15